{"id":956,"date":"2019-02-01T05:47:47","date_gmt":"2019-02-01T07:47:47","guid":{"rendered":"\/\/95.188.69.241\/mywp\/?page_id=956"},"modified":"2023-07-11T11:01:16","modified_gmt":"2023-07-11T14:01:16","slug":"sobre","status":"publish","type":"page","link":"https:\/\/clinicaemsi.com\/?page_id=956","title":{"rendered":"Sobre"},"content":{"rendered":"\t\t<div data-elementor-type=\"wp-post\" data-elementor-id=\"956\" class=\"elementor elementor-956\">\n\t\t\t\t\t\t<section class=\"elementor-section elementor-top-section elementor-element elementor-element-194b8d9 elementor-section-full_width elementor-section-height-default elementor-section-height-default\" data-id=\"194b8d9\" data-element_type=\"section\" data-e-type=\"section\">\n\t\t\t\t\t\t<div class=\"elementor-container elementor-column-gap-no\">\n\t\t\t\t\t<div class=\"elementor-column elementor-col-100 elementor-top-column elementor-element elementor-element-e89c761\" data-id=\"e89c761\" data-element_type=\"column\" data-e-type=\"column\">\n\t\t\t<div class=\"elementor-widget-wrap elementor-element-populated\">\n\t\t\t\t\t\t<div class=\"elementor-element elementor-element-e4c0582 elementor-widget elementor-widget-arrigo-widget-step\" data-id=\"e4c0582\" data-element_type=\"widget\" data-e-type=\"widget\" data-widget_type=\"arrigo-widget-step.default\">\n\t\t\t\t<div class=\"elementor-widget-container\">\n\t\t\t\t\t\n\t\t<div class=\"section section-steps\" data-os-animation=\"\">\n\t\t\t\t\t\t\t<div class=\"col-lg-6 section-steps__bg jarallax\" data-speed=\"0.8\" data-img-size=\"cover\">\n\t\t\t\t\t\t\t\t\t\t\t\t\t\t\t\t\t\t\t<img fetchpriority=\"high\" decoding=\"async\" class=\"jarallax-img of-cover of-cover\" src=\"data:image\/png;base64,iVBORw0KGgoAAAANSUhEUgAAAAEAAAABCAQAAAHCGzyUAAAABGdBTUEAALGPC\/xhBQAAADhlWElmTU0AKgAAAAgAAYdpAAQAAAABAAAAGgAAAAAAAqACAAQAAAABAAAAAaADAAQAAAABAAAAAQAAAADa6r\/EAAAAC0lEQVQI12NolQQAASYAn89qhTcAAAAASUVORK5CYII=\" data-src=\"https:\/\/clinicaemsi.com\/wp-content\/uploads\/2023\/07\/missao.webp\" width=\"1920\" height=\"1080\" data-srcset=\"https:\/\/clinicaemsi.com\/wp-content\/uploads\/2023\/07\/missao.webp 1920w, https:\/\/clinicaemsi.com\/wp-content\/uploads\/2023\/07\/missao-300x169.webp 300w, https:\/\/clinicaemsi.com\/wp-content\/uploads\/2023\/07\/missao-1024x576.webp 1024w, https:\/\/clinicaemsi.com\/wp-content\/uploads\/2023\/07\/missao-768x432.webp 768w, https:\/\/clinicaemsi.com\/wp-content\/uploads\/2023\/07\/missao-1536x864.webp 1536w\" data-sizes=\"(max-width: 1920px) 100vw, 1920px\" alt=\"\"\/>\n\t\t\t\t\t\t\t\t\t\t\t\t\t\t\t\t\t<div class=\"overlay\"><\/div>\n\t\t\t\t<\/div>\n\t\t\t\t\t\t<div class=\"container\">\n\t\t\t\t<div class=\"row align-items-center\">\n\t\t\t\t\t<div class=\"col-lg-6 section-steps__content offset-lg-6\">\n\t\t\t\t\t\t\t\t\t\t\t\t\t\t\t\t\t\t\t<h2 >Quem Somos<\/h2>\n\t\t\t\t\t\t\t\t\t\t\t\t\t\t\t\t\t\t\t<p >Centro de excel\u00eancia em avalia\u00e7\u00e3o e interven\u00e7\u00e3o, cujo objetivo \u00e9 auxiliar o desenvolvimento infantil atrav\u00e9s de um tratamento interdisciplinar com uma equipe especializada em interven\u00e7\u00e3o precoce. Somos especializados na Ci\u00eancia ABA, uma abordagem utilizada ao longo de todo o tratamento oferecido aos clientes. Acreditamos em tudo o que existe dentro de cada um, incluindo todas as suas limita\u00e7\u00f5es e \u00eaxitos. Nosso prop\u00f3sito \u00e9 auxiliar o cliente a desenvolver coragem para encontrar a melhor vers\u00e3o de si mesmo.<\/p>\n\t\t\t\t\t\t\t\t\t\t\t\t\t\t\t\t\t\t\t<div class=\"section-steps__headline\"><\/div>\n\t\t\t\t\t\t\t\t\t\t\t<\/div>\n\t\t\t\t<\/div>\n\t\t\t<\/div>\n\t\t<\/div>\n\n\t\t\t\t\t\t<\/div>\n\t\t\t\t<\/div>\n\t\t\t\t<div class=\"elementor-element elementor-element-170da63 elementor-widget elementor-widget-arrigo-widget-step\" data-id=\"170da63\" data-element_type=\"widget\" data-e-type=\"widget\" data-widget_type=\"arrigo-widget-step.default\">\n\t\t\t\t<div class=\"elementor-widget-container\">\n\t\t\t\t\t\n\t\t<div class=\"section section-steps\" data-os-animation=\"\">\n\t\t\t\t\t\t\t<div class=\"col-lg-6 section-steps__bg offset-lg-6 jarallax\" data-speed=\"0.8\" data-img-size=\"cover\">\n\t\t\t\t\t\t\t\t\t\t\t\t\t\t\t\t\t\t\t<img decoding=\"async\" class=\"jarallax-img of-cover of-cover\" src=\"data:image\/png;base64,iVBORw0KGgoAAAANSUhEUgAAAAEAAAABCAQAAAHCGzyUAAAABGdBTUEAALGPC\/xhBQAAADhlWElmTU0AKgAAAAgAAYdpAAQAAAABAAAAGgAAAAAAAqACAAQAAAABAAAAAaADAAQAAAABAAAAAQAAAADa6r\/EAAAAC0lEQVQI12NolQQAASYAn89qhTcAAAAASUVORK5CYII=\" data-src=\"https:\/\/clinicaemsi.com\/wp-content\/uploads\/2023\/07\/visao.webp\" width=\"1920\" height=\"1080\" data-srcset=\"https:\/\/clinicaemsi.com\/wp-content\/uploads\/2023\/07\/visao.webp 1920w, https:\/\/clinicaemsi.com\/wp-content\/uploads\/2023\/07\/visao-300x169.webp 300w, https:\/\/clinicaemsi.com\/wp-content\/uploads\/2023\/07\/visao-1024x576.webp 1024w, https:\/\/clinicaemsi.com\/wp-content\/uploads\/2023\/07\/visao-768x432.webp 768w, https:\/\/clinicaemsi.com\/wp-content\/uploads\/2023\/07\/visao-1536x864.webp 1536w\" data-sizes=\"(max-width: 1920px) 100vw, 1920px\" alt=\"\"\/>\n\t\t\t\t\t\t\t\t\t\t\t\t\t\t\t\t\t<div class=\"overlay\"><\/div>\n\t\t\t\t<\/div>\n\t\t\t\t\t\t<div class=\"container\">\n\t\t\t\t<div class=\"row align-items-center\">\n\t\t\t\t\t<div class=\"col-lg-6 section-steps__content \">\n\t\t\t\t\t\t\t\t\t\t\t\t\t\t\t\t\t\t\t<h2 >Nossa Miss\u00e3o<\/h2>\n\t\t\t\t\t\t\t\t\t\t\t\t\t\t\t\t\t\t\t<p >Proporcionar aos clientes e \u00e0s suas fam\u00edlias todas as ferramentas para o caminho do autoconhecimento e, assim, auxili\u00e1-los a lidar com adversidades, superar limites e desenvolver capacidades.<\/p>\n\t\t\t\t\t\t\t\t\t\t\t\t\t\t\t\t\t\t\t<div class=\"section-steps__headline\"><\/div>\n\t\t\t\t\t\t\t\t\t\t\t<\/div>\n\t\t\t\t<\/div>\n\t\t\t<\/div>\n\t\t<\/div>\n\n\t\t\t\t\t\t<\/div>\n\t\t\t\t<\/div>\n\t\t\t\t<div class=\"elementor-element elementor-element-59e9fb2 elementor-widget elementor-widget-arrigo-widget-step\" data-id=\"59e9fb2\" data-element_type=\"widget\" data-e-type=\"widget\" data-widget_type=\"arrigo-widget-step.default\">\n\t\t\t\t<div class=\"elementor-widget-container\">\n\t\t\t\t\t\n\t\t<div class=\"section section-steps\" data-os-animation=\"\">\n\t\t\t\t\t\t\t<div class=\"col-lg-6 section-steps__bg jarallax\" data-speed=\"0.8\" data-img-size=\"cover\">\n\t\t\t\t\t\t\t\t\t\t\t\t\t\t\t\t\t\t\t<img decoding=\"async\" class=\"jarallax-img of-cover of-cover\" src=\"data:image\/png;base64,iVBORw0KGgoAAAANSUhEUgAAAAEAAAABCAQAAAHCGzyUAAAABGdBTUEAALGPC\/xhBQAAADhlWElmTU0AKgAAAAgAAYdpAAQAAAABAAAAGgAAAAAAAqACAAQAAAABAAAAAaADAAQAAAABAAAAAQAAAADa6r\/EAAAAC0lEQVQI12NolQQAASYAn89qhTcAAAAASUVORK5CYII=\" data-src=\"https:\/\/clinicaemsi.com\/wp-content\/uploads\/2023\/07\/visao.jpg\" width=\"1600\" height=\"1100\" data-srcset=\"https:\/\/clinicaemsi.com\/wp-content\/uploads\/2023\/07\/visao.jpg 1600w, https:\/\/clinicaemsi.com\/wp-content\/uploads\/2023\/07\/visao-300x206.jpg 300w, https:\/\/clinicaemsi.com\/wp-content\/uploads\/2023\/07\/visao-1024x704.jpg 1024w, https:\/\/clinicaemsi.com\/wp-content\/uploads\/2023\/07\/visao-768x528.jpg 768w, https:\/\/clinicaemsi.com\/wp-content\/uploads\/2023\/07\/visao-1536x1056.jpg 1536w\" data-sizes=\"(max-width: 1600px) 100vw, 1600px\" alt=\"\"\/>\n\t\t\t\t\t\t\t\t\t\t\t\t\t\t\t\t\t<div class=\"overlay\"><\/div>\n\t\t\t\t<\/div>\n\t\t\t\t\t\t<div class=\"container\">\n\t\t\t\t<div class=\"row align-items-center\">\n\t\t\t\t\t<div class=\"col-lg-6 section-steps__content offset-lg-6\">\n\t\t\t\t\t\t\t\t\t\t\t\t\t\t\t\t\t\t\t<h2 >Nossa Vis\u00e3o<\/h2>\n\t\t\t\t\t\t\t\t\t\t\t\t\t\t\t\t\t\t\t<p >Oferecer no Esp\u00edrito Santo, o melhor tratamento a crian\u00e7as com atrasos no neurodesenvolvimento.<\/p>\n\t\t\t\t\t\t\t\t\t\t\t\t\t\t\t\t\t\t\t<div class=\"section-steps__headline\"><\/div>\n\t\t\t\t\t\t\t\t\t\t\t<\/div>\n\t\t\t\t<\/div>\n\t\t\t<\/div>\n\t\t<\/div>\n\n\t\t\t\t\t\t<\/div>\n\t\t\t\t<\/div>\n\t\t\t\t\t<\/div>\n\t\t<\/div>\n\t\t\t\t\t<\/div>\n\t\t<\/section>\n\t\t\t\t<section class=\"elementor-section elementor-top-section elementor-element elementor-element-8df046a elementor-section-boxed elementor-section-height-default elementor-section-height-default\" data-id=\"8df046a\" data-element_type=\"section\" data-e-type=\"section\">\n\t\t\t\t\t\t<div class=\"elementor-container elementor-column-gap-default\">\n\t\t\t\t\t<div class=\"elementor-column elementor-col-100 elementor-top-column elementor-element elementor-element-1ce70f5\" data-id=\"1ce70f5\" data-element_type=\"column\" data-e-type=\"column\">\n\t\t\t<div class=\"elementor-widget-wrap\">\n\t\t\t\t\t\t\t<\/div>\n\t\t<\/div>\n\t\t\t\t\t<\/div>\n\t\t<\/section>\n\t\t\t\t<section class=\"elementor-section elementor-top-section elementor-element elementor-element-2fffb82 elementor-section-boxed elementor-section-height-default elementor-section-height-default\" data-id=\"2fffb82\" data-element_type=\"section\" data-e-type=\"section\">\n\t\t\t\t\t\t<div class=\"elementor-container elementor-column-gap-default\">\n\t\t\t\t\t<div class=\"elementor-column elementor-col-100 elementor-top-column elementor-element elementor-element-fb742b8\" data-id=\"fb742b8\" data-element_type=\"column\" data-e-type=\"column\">\n\t\t\t<div class=\"elementor-widget-wrap elementor-element-populated\">\n\t\t\t\t\t\t<div class=\"elementor-element elementor-element-39a46e4 elementor-widget elementor-widget-heading\" data-id=\"39a46e4\" data-element_type=\"widget\" data-e-type=\"widget\" data-widget_type=\"heading.default\">\n\t\t\t\t<div class=\"elementor-widget-container\">\n\t\t\t\t\t<h2 class=\"elementor-heading-title elementor-size-default\"><br>Fale conosco!<\/h2>\t\t\t\t<\/div>\n\t\t\t\t<\/div>\n\t\t\t\t<div class=\"elementor-element elementor-element-1b93f9b elementor-align-center elementor-widget elementor-widget-button\" data-id=\"1b93f9b\" data-element_type=\"widget\" data-e-type=\"widget\" data-widget_type=\"button.default\">\n\t\t\t\t<div class=\"elementor-widget-container\">\n\t\t\t\t\t\t\t\t\t<div class=\"elementor-button-wrapper\">\n\t\t\t\t\t<a class=\"elementor-button elementor-button-link elementor-size-lg\" href=\"https:\/\/api.whatsapp.com\/send?phone=5528998868234\">\n\t\t\t\t\t\t<span class=\"elementor-button-content-wrapper\">\n\t\t\t\t\t\t\t\t\t<span class=\"elementor-button-text\">WhatsApp<\/span>\n\t\t\t\t\t<\/span>\n\t\t\t\t\t<\/a>\n\t\t\t\t<\/div>\n\t\t\t\t\t\t\t\t<\/div>\n\t\t\t\t<\/div>\n\t\t\t\t\t<\/div>\n\t\t<\/div>\n\t\t\t\t\t<\/div>\n\t\t<\/section>\n\t\t\t\t<\/div>\n\t\t","protected":false},"excerpt":{"rendered":"<p>Quem Somos Centro de excel\u00eancia em avalia\u00e7\u00e3o e interven\u00e7\u00e3o, cujo objetivo \u00e9 auxiliar o desenvolvimento infantil atrav\u00e9s de um tratamento interdisciplinar com uma equipe especializada em interven\u00e7\u00e3o precoce. Somos especializados na Ci\u00eancia ABA, uma abordagem utilizada ao longo de todo o tratamento oferecido aos clientes. Acreditamos em tudo o que existe dentro de cada um, [&hellip;]<\/p>\n","protected":false},"author":1,"featured_media":0,"parent":0,"menu_order":0,"comment_status":"closed","ping_status":"closed","template":"","meta":{"inline_featured_image":false,"footnotes":""},"class_list":["post-956","page","type-page","status-publish","hentry"],"acf":[],"aioseo_notices":[],"_links":{"self":[{"href":"https:\/\/clinicaemsi.com\/index.php?rest_route=\/wp\/v2\/pages\/956"}],"collection":[{"href":"https:\/\/clinicaemsi.com\/index.php?rest_route=\/wp\/v2\/pages"}],"about":[{"href":"https:\/\/clinicaemsi.com\/index.php?rest_route=\/wp\/v2\/types\/page"}],"author":[{"embeddable":true,"href":"https:\/\/clinicaemsi.com\/index.php?rest_route=\/wp\/v2\/users\/1"}],"replies":[{"embeddable":true,"href":"https:\/\/clinicaemsi.com\/index.php?rest_route=%2Fwp%2Fv2%2Fcomments&post=956"}],"version-history":[{"count":23,"href":"https:\/\/clinicaemsi.com\/index.php?rest_route=\/wp\/v2\/pages\/956\/revisions"}],"predecessor-version":[{"id":1519,"href":"https:\/\/clinicaemsi.com\/index.php?rest_route=\/wp\/v2\/pages\/956\/revisions\/1519"}],"wp:attachment":[{"href":"https:\/\/clinicaemsi.com\/index.php?rest_route=%2Fwp%2Fv2%2Fmedia&parent=956"}],"curies":[{"name":"wp","href":"https:\/\/api.w.org\/{rel}","templated":true}]}}